True
Is 26978 a multiple of 5?
False
Does 37 divide 6313853?
False
Does 6 divide 12420?
True
Is 961481 a multiple of 33?
False
Is 34 a factor of 2894182?
True
Is 422 a factor of 84343?
False
Is 3 a factor of 788397?
True
Is 266840 a multiple of 28?
True
Is 714372 a multiple of 59?
True
Is 56 a factor of 133672?
True
Is 432718 a multiple of 35?
False
Is 14 a factor of 1096858?
True
Is 138 a factor of 440182?
False
Does 9 divide 764028?
True
Is 8 a factor of 264040?
True
Is 26 a factor of 2459240?
False
Is 2382625 a multiple of 389?
True
Does 13 divide 662402?
True
Is 24 a factor of 115632?
True
Is 236314 even?
True
Is 12 a factor of 230960?
False
Does 11 divide 201916?
True
Is 2989926 a multiple of 34?
True
Is 252 a factor of 7987392?
True
Is 47399 a multiple of 10?
False
Is 4828664 a multiple of 277?
True
Is 138 a factor of 186022?
False
Does 59 divide 1567298?
False
Is 2 a factor of 72925?
False
Does 637 divide 4088507?
False
Is 13274 a multiple of 597?
False
Is 1405560 a multiple of 1020?
True
Does 8 divide 208839?
False
Does 546 divide 434616?
True
Does 18 divide 23408?
False
Is 65 a factor of 1463613?
False
Does 246 divide 168248?
False
Is 115941 a multiple of 225?
False
Is 2235672 a multiple of 820?
False
Is 316 a factor of 1960464?
True
Does 292 divide 98313?
False
Is 44 a factor of 647504?
True
Does 774 divide 8501561?
False
Is 406840 even?
True
Is 2142402 a multiple of 6?
True
Is 69 a factor of 155043?
True
Does 12 divide 729640?
False
Does 349 divide 896232?
True
Is 38 a factor of 375454?
False
Does 6 divide 82344?
True
Does 6 divide 1609207?
False
Is 1028 a factor of 3677156?
True
Is 203327 a multiple of 74?
False
Does 66 divide 891594?
True
Does 6 divide 160272?
True
Does 13 divide 196588?
False
Is 186263 a multiple of 11?
True
Is 35 a factor of 1290415?
True
Is 4 a factor of 138680?
True
Is 13469152 a multiple of 8?
True
Does 56 divide 334855?
False
Does 54 divide 4423626?
True
Does 16 divide 28865?
False
Is 1745 a factor of 8984323?
False
Is 49 a factor of 5584040?
True
Is 229 a factor of 1644257?
False
Is 254492 a multiple of 28?
True
Is 57 a factor of 4042098?
True
Is 723 a factor of 1623858?
True
Is 296 a factor of 435120?
True
Is 3 a factor of 1108238?
False
Does 62 divide 424224?
False
Does 30 divide 294485?
False
Is 418 a factor of 503272?
True
Is 627 a factor of 257062?
False
Is 2 a factor of 160410?
True
Is 13566306 a multiple of 50?
False
Does 724 divide 8047194?
False
Is 261 a factor of 1789938?
True
Is 19 a factor of 1649713?
True
Is 102660 a multiple of 15?
True
Does 153 divide 369801?
True
Is 1008 a factor of 6384540?
False
Is 19 a factor of 71446?
False
Is 147858 a multiple of 136?
False
Does 493 divide 957899?
True
Is 912296 a multiple of 257?
False
Is 226 a factor of 11092568?
False
Is 31 a factor of 131680?
False
Is 10469 a multiple of 551?
True
Is 111 a factor of 7517763?
False
Is 821487 a multiple of 61?
True
Is 22 a factor of 291852?
True
Does 5 divide 12645?
True
Is 139 a factor of 3099336?
False
Is 104462 a multiple of 19?
True
Is 20 a factor of 122945?
False
Is 9 a factor of 292513?
False
Does 5 divide 15655?
True
Is 199543 a multiple of 383?
True
Is 282144 a multiple of 4?
True
Is 32 a factor of 79123?
False
Does 150 divide 114900?
True
Is 842 a factor of 1585486?
True
Is 1393578 a multiple of 46?
False
Is 788285 a multiple of 10?
False
Is 129 a factor of 11393898?
False
Is 1871450 a multiple of 438?
False
Is 42 a factor of 197223?
False
Does 151 divide 1275799?
True
Is 28809279 a multiple of 1509?
False
Does 64 divide 192931?
False
Does 21 divide 155841?
True
Is 5 a factor of 20599?
False
Is 368406 a multiple of 582?
True
Is 100 a factor of 182?
False
Does 9 divide 95297?
False
Is 204735 a multiple of 12?
False
Is 1150108 a multiple of 409?
True
Is 61421 a multiple of 69?
False
Is 27 a factor of 68040?
True
Is 1167366 a multiple of 42?
False
Does 7 divide 357164?
False
Is 5541568 a multiple of 6?
False
Is 9101414 a multiple of 30?
False
Is 51 a factor of 281928?
True
Is 9 a factor of 7601517?
True
Is 132 a factor of 1172681?
False
Does 93 divide 90057?
False
Does 75 divide 2084025?
True
Is 198135 a multiple of 63?
True
Is 27 a factor of 11656404?
False
Does 75 divide 52463?
False
Is 1284381 a multiple of 19?
True
Is 1006675 a multiple of 424?
False
Does 44 divide 50820?
True
Does 95 divide 533520?
True
Is 11 a factor of 1368902?
False
Does 40 divide 1200720?
True
Is 11 a factor of 230676?
False
Does 592 divide 47952?
True
Does 38 divide 2028630?
True
Is 2157756 a multiple of 39?
False
Is 5198731 a multiple of 103?
False
Does 10 divide 20780?
True
Does 4 divide 374868?
True
Is 9804 a multiple of 19?
True
Is 39 a factor of 10139082?
False
Is 241577 a multiple of 54?
False
Is 116863 a multiple of 30?
False
Is 26 a factor of 475600?
False
Does 216 divide 3355534?
False
Does 868 divide 242172?
True
Is 4761776 a multiple of 24?
False
Does 24 divide 71093?
False
Is 16733 a multiple of 52?
False
Is 1517464 a multiple of 104?
True
Is 138600 a multiple of 385?
True
Is 296 a multiple of 2?
True
Does 23 divide 120152?
True
Is 1353 a factor of 15338256?
False
Is 45584 a multiple of 74?
True
Does 468 divide 35048?
False
Is 52357 a multiple of 41?
True
Does 460 divide 670220?
True
Is 872304 a multiple of 257?
False
Is 557449 a multiple of 178?
False
Is 885001 a multiple of 117?
False
Is 588629 a multiple of 40?
False
Is 6403268 a multiple of 73?
True
Is 24 a factor of 505152?
True
Is 3 a factor of 4280?
False
Is 624 even?
True
Does 719 divide 23719810?
True
Does 45 divide 2091?
False
Does 73 divide 83950?
True
Is 6286 a multiple of 33?
False
Does 4 divide 588012?
True
Is 164677 a multiple of 225?
False
Is 8096 a multiple of 46?
True
Does 85 divide 2845217?
False
Is 408 a factor of 537772?
False
Is 11355740 a multiple of 768?
False
Is 154025 a multiple of 737?
False
Is 374970 a multiple of 150?
False
Is 18249949 a multiple of 752?
False
Is 32 a factor of 696160?
True
Does 19 divide 1233423?
True
Is 28 a factor of 160355?
False
Is 3133469 a multiple of 665?
False
Is 318 a factor of 181260?
True
Is 284193 a multiple of 14?
False
Does 13 divide 10007832?
False
Does 329 divide 141089?
False
Does 69 divide 132075?
False
Is 195 a factor of 343254?
False
Is 18 a factor of 983774?
False
Is 4427987 a multiple of 389?
True
Is 42827 even?
False
Is 22 a factor of 484397?
False
Is 65 a factor of 5237310?
True
Does 99 divide 74437?
False
Is 82 a factor of 6321183?
False
Is 707564 a multiple of 572?
True
Is 24 a factor of 41256?
True
Is 1482 a factor of 27741558?
True
Does 57 divide 49867?
False
Is 4424904 a multiple of 333?
True
Is 11 a factor of 5495811?
False
Is 4 a factor of 692256?
True
Is 1429142 a multiple of 75?
False
Is 253560 a multiple of 15?
True
Is 232648 a multiple of 78?
False
Does 481 divide 7576?
False
Is 7 a factor of 70441?
True
Does 11 divide 2180145?
True
Is 231 a factor of 168168?
True
Is 1815972 a multiple of 164?
True
Is 3263 a multiple of 40?
False
Is 246103 a multiple of 13?
True
Does 8 divide 2059693?
False
Is 522 a factor of 509994?
True
Is 517748 a multiple of 451?
True
Is 203508 a multiple of 61?
False
Does 33 divide 112860?
True
Does 20 divide 9306?
False
Is 289 a factor of 13856911?
False
Is 175 a factor of 4030775?
True
Is 599817 a multiple of 1102?
False
Is 13484778 a multiple of 18?
False
Is 188 a factor of 450448?
True
Is 4477995 a multiple of 6?
False
Is 417570 a multiple of 688?
False
Is 19 a factor of 23450?
False
Is 75 a factor of 1908300?
True
Is 38029 a multiple of 8?
False
Is 1294330 a multiple of 19?
False
Does 75 divide 341128?
False
Does 39 divide 14817982?
False
Is 293 a factor of 2542654?
True
Does 36 divide 1996221?
False
Is 56 a factor of 21311?
False
Does 31 divide 3095908?
True
Is 289 a factor of 37281?
True
Is 71 a factor of 7630056?
False
Is 9 a factor of 64353?
False
Does 60 divide 311340?
True
Does 15 divide 13056?
False
Is 17954478 a multiple of 367?
False
Is 98459 a multiple of 89?
False
Is 6022075 a multiple of 1615?
False
Does 19 divide 3374170?
False
Is 39 a factor of 41457?
True
Is 112322 a multiple of 226?
True
Does 35 divide 2156302?
False
Is 4855760 a multiple of 8?
True
Is 11 a factor of 568084?
True
Is 1236872 a multiple of 2?
True
Does 13 divide 261001?
True
Does 2